{"id":1484,"date":"2017-11-04T12:36:00","date_gmt":"2017-11-04T11:36:00","guid":{"rendered":"http:\/\/paletteduvaldemarne.fr\/?page_id=1484"},"modified":"2018-01-22T19:31:17","modified_gmt":"2018-01-22T18:31:17","slug":"exposition-en-cours","status":"publish","type":"page","link":"http:\/\/paletteduvaldemarne.fr\/index.php\/exposition-en-cours\/","title":{"rendered":"Nov 2017 &#8211; Galerie de Marmont \u00e0 St-Maur (94)"},"content":{"rendered":"<h3>Du 6 au 26 novembre 2017 \u00e0 la Galerie Zanin de Marmont, Saint-Maur-des-foss\u00e9s<\/h3>\n<p><a href=\"http:\/\/paletteduvaldemarne.fr\/wp-content\/uploads\/2017\/11\/AfficheA4-nov17.jpg\" rel=\"attachment wp-att-1485\"><img fetchpriority=\"high\" decoding=\"async\" class=\"alignnone wp-image-1485 size-full\" src=\"http:\/\/paletteduvaldemarne.fr\/wp-content\/uploads\/2017\/11\/AfficheA4-nov17.jpg\" alt=\"AfficheA4-nov17\" width=\"595\" height=\"842\" srcset=\"http:\/\/paletteduvaldemarne.fr\/wp-content\/uploads\/2017\/11\/AfficheA4-nov17.jpg 595w, http:\/\/paletteduvaldemarne.fr\/wp-content\/uploads\/2017\/11\/AfficheA4-nov17-212x300.jpg 212w\" sizes=\"(max-width: 595px) 100vw, 595px\" \/><\/a><\/p>\n","protected":false},"excerpt":{"rendered":"<p>Du 6 au 26 novembre 2017 \u00e0 la Galerie Zanin de Marmont, Saint-Maur-des-foss\u00e9s<\/p>\n","protected":false},"author":1,"featured_media":0,"parent":0,"menu_order":0,"comment_status":"closed","ping_status":"closed","template":"","meta":{"footnotes":""},"class_list":["post-1484","page","type-page","status-publish","hentry"],"_links":{"self":[{"href":"http:\/\/paletteduvaldemarne.fr\/index.php\/wp-json\/wp\/v2\/pages\/1484","targetHints":{"allow":["GET"]}}],"collection":[{"href":"http:\/\/paletteduvaldemarne.fr\/index.php\/wp-json\/wp\/v2\/pages"}],"about":[{"href":"http:\/\/paletteduvaldemarne.fr\/index.php\/wp-json\/wp\/v2\/types\/page"}],"author":[{"embeddable":true,"href":"http:\/\/paletteduvaldemarne.fr\/index.php\/wp-json\/wp\/v2\/users\/1"}],"replies":[{"embeddable":true,"href":"http:\/\/paletteduvaldemarne.fr\/index.php\/wp-json\/wp\/v2\/comments?post=1484"}],"version-history":[{"count":4,"href":"http:\/\/paletteduvaldemarne.fr\/index.php\/wp-json\/wp\/v2\/pages\/1484\/revisions"}],"predecessor-version":[{"id":1521,"href":"http:\/\/paletteduvaldemarne.fr\/index.php\/wp-json\/wp\/v2\/pages\/1484\/revisions\/1521"}],"wp:attachment":[{"href":"http:\/\/paletteduvaldemarne.fr\/index.php\/wp-json\/wp\/v2\/media?parent=1484"}],"curies":[{"name":"wp","href":"https:\/\/api.w.org\/{rel}","templated":true}]}}