{"id":154,"date":"2015-12-07T19:22:21","date_gmt":"2015-12-07T18:22:21","guid":{"rendered":"http:\/\/paletteduvaldemarne.fr\/?page_id=154"},"modified":"2026-01-24T13:13:00","modified_gmt":"2026-01-24T12:13:00","slug":"membres-du-bureau","status":"publish","type":"page","link":"http:\/\/paletteduvaldemarne.fr\/index.php\/membres-du-bureau\/","title":{"rendered":"Membres de la Palette"},"content":{"rendered":"\n<div class=\"wp-block-group alignfull has-ti-fg-alt-color has-ti-accent-background-color has-text-color has-background has-link-color wp-elements-7599b205a2bc7cdf85ac1dc3e7ed3853 is-layout-constrained wp-container-core-group-is-layout-2037270e wp-block-group-is-layout-constrained\" style=\"margin-top:0;margin-bottom:0;padding-top:var(--wp--preset--spacing--80);padding-right:var(--wp--preset--spacing--40);padding-bottom:var(--wp--preset--spacing--80);padding-left:var(--wp--preset--spacing--40)\">\n<div class=\"wp-block-group is-layout-constrained wp-block-group-is-layout-constrained\">\n<h2 class=\"wp-block-heading has-text-align-left\">L&rsquo;\u00e9quipe de La Palette du Val-de-Marne :<\/h2>\n<\/div>\n\n\n\n<div class=\"wp-block-columns has-ti-fg-color has-ti-bg-background-color has-text-color has-background has-link-color wp-elements-dd5a886bece922fe024e0767b0618893 is-layout-flex wp-container-core-columns-is-layout-83d8d5f7 wp-block-columns-is-layout-flex\" style=\"padding-top:0;padding-right:0;padding-bottom:0;padding-left:0\">\n<div class=\"wp-block-column is-layout-flow wp-block-column-is-layout-flow\" style=\"flex-basis:40%\">\n<figure class=\"wp-block-image size-full has-custom-border\"><img fetchpriority=\"high\" decoding=\"async\" width=\"2560\" height=\"1706\" src=\"http:\/\/paletteduvaldemarne.fr\/wp-content\/uploads\/2026\/01\/IMG_2136-2-edited-scaled.jpg\" alt=\"\" class=\"wp-image-4037\" style=\"border-left-color:var(--wp--preset--color--ti-accent-secondary);border-left-width:16px;aspect-ratio:1;object-fit:cover\" srcset=\"http:\/\/paletteduvaldemarne.fr\/wp-content\/uploads\/2026\/01\/IMG_2136-2-edited-scaled.jpg 2560w, http:\/\/paletteduvaldemarne.fr\/wp-content\/uploads\/2026\/01\/IMG_2136-2-edited-300x200.jpg 300w, http:\/\/paletteduvaldemarne.fr\/wp-content\/uploads\/2026\/01\/IMG_2136-2-edited-1024x682.jpg 1024w, http:\/\/paletteduvaldemarne.fr\/wp-content\/uploads\/2026\/01\/IMG_2136-2-edited-768x512.jpg 768w, http:\/\/paletteduvaldemarne.fr\/wp-content\/uploads\/2026\/01\/IMG_2136-2-edited-1536x1024.jpg 1536w, http:\/\/paletteduvaldemarne.fr\/wp-content\/uploads\/2026\/01\/IMG_2136-2-edited-2048x1365.jpg 2048w\" sizes=\"(max-width: 2560px) 100vw, 2560px\" \/><\/figure>\n<\/div>\n\n\n\n<div class=\"wp-block-column is-vertically-aligned-center is-layout-flow wp-container-core-column-is-layout-e17ba290 wp-block-column-is-layout-flow\" style=\"padding-top:var(--wp--preset--spacing--60);padding-right:var(--wp--preset--spacing--40);padding-bottom:var(--wp--preset--spacing--60);padding-left:var(--wp--preset--spacing--40)\">\n<h3 class=\"wp-block-heading\">Pr\u00e9sidente<\/h3>\n\n\n\n<p><strong>Pauline BOUTELIER :<\/strong><\/p>\n\n\n\n<p>\u00c9coutez ses discours et vous d\u00e9couvrirez sa fantaisie&#8230; Elle m\u00e8ne la Palette d\u2019une main de fer depuis des ann\u00e9es. Artiste, peintre l\u2019association lui doit une grande part de son succ\u00e8s<\/p>\n<\/div>\n<\/div>\n\n\n\n<div class=\"wp-block-columns has-ti-fg-color has-ti-bg-background-color has-text-color has-background has-link-color wp-elements-f86fcb2d8d11cc8812d4ee70a6d605e3 is-layout-flex wp-container-core-columns-is-layout-83d8d5f7 wp-block-columns-is-layout-flex\" style=\"padding-top:0;padding-right:0;padding-bottom:0;padding-left:0\">\n<div class=\"wp-block-column is-layout-flow wp-block-column-is-layout-flow\" style=\"flex-basis:40%\">\n<figure class=\"wp-block-image size-full has-custom-border\"><img decoding=\"async\" width=\"631\" height=\"951\" src=\"http:\/\/paletteduvaldemarne.fr\/wp-content\/uploads\/2026\/01\/IMG_2065-1.jpg\" alt=\"\" class=\"wp-image-3981\" style=\"border-left-color:var(--wp--preset--color--ti-accent-secondary);border-left-width:16px;aspect-ratio:1;object-fit:cover\" srcset=\"http:\/\/paletteduvaldemarne.fr\/wp-content\/uploads\/2026\/01\/IMG_2065-1.jpg 631w, http:\/\/paletteduvaldemarne.fr\/wp-content\/uploads\/2026\/01\/IMG_2065-1-199x300.jpg 199w\" sizes=\"(max-width: 631px) 100vw, 631px\" \/><\/figure>\n<\/div>\n\n\n\n<div class=\"wp-block-column is-vertically-aligned-center is-layout-flow wp-container-core-column-is-layout-e17ba290 wp-block-column-is-layout-flow\" style=\"padding-top:var(--wp--preset--spacing--60);padding-right:var(--wp--preset--spacing--40);padding-bottom:var(--wp--preset--spacing--60);padding-left:var(--wp--preset--spacing--40)\">\n<h3 class=\"wp-block-heading\">Tr\u00e9sorier<\/h3>\n\n\n\n<p><strong>Etienne PAJOT : <\/strong><\/p>\n\n\n\n<p>Gardien de l\u2019\u00e9quilibre et de la rigueur, il veille au bon fonctionnement et \u00e0 la p\u00e9rennit\u00e9 de l\u2019association<\/p>\n<\/div>\n<\/div>\n\n\n\n<div class=\"wp-block-columns has-ti-fg-color has-ti-bg-background-color has-text-color has-background has-link-color wp-elements-264758881dcef91e8e0e953219bfdcbe is-layout-flex wp-container-core-columns-is-layout-83d8d5f7 wp-block-columns-is-layout-flex\" style=\"padding-top:0;padding-right:0;padding-bottom:0;padding-left:0\">\n<div class=\"wp-block-column is-layout-flow wp-block-column-is-layout-flow\" style=\"flex-basis:40%\">\n<figure class=\"wp-block-image size-full has-custom-border\"><img decoding=\"async\" width=\"1170\" height=\"2067\" src=\"http:\/\/paletteduvaldemarne.fr\/wp-content\/uploads\/2026\/01\/IMG_9637-1.jpg\" alt=\"\" class=\"wp-image-3980\" style=\"border-left-color:var(--wp--preset--color--ti-accent-secondary);border-left-width:16px;aspect-ratio:1;object-fit:cover\" srcset=\"http:\/\/paletteduvaldemarne.fr\/wp-content\/uploads\/2026\/01\/IMG_9637-1.jpg 1170w, http:\/\/paletteduvaldemarne.fr\/wp-content\/uploads\/2026\/01\/IMG_9637-1-170x300.jpg 170w, http:\/\/paletteduvaldemarne.fr\/wp-content\/uploads\/2026\/01\/IMG_9637-1-580x1024.jpg 580w, http:\/\/paletteduvaldemarne.fr\/wp-content\/uploads\/2026\/01\/IMG_9637-1-768x1357.jpg 768w, http:\/\/paletteduvaldemarne.fr\/wp-content\/uploads\/2026\/01\/IMG_9637-1-869x1536.jpg 869w, http:\/\/paletteduvaldemarne.fr\/wp-content\/uploads\/2026\/01\/IMG_9637-1-1159x2048.jpg 1159w\" sizes=\"(max-width: 1170px) 100vw, 1170px\" \/><\/figure>\n<\/div>\n\n\n\n<div class=\"wp-block-column is-vertically-aligned-center is-layout-flow wp-container-core-column-is-layout-e17ba290 wp-block-column-is-layout-flow\" style=\"padding-top:var(--wp--preset--spacing--60);padding-right:var(--wp--preset--spacing--40);padding-bottom:var(--wp--preset--spacing--60);padding-left:var(--wp--preset--spacing--40)\">\n<h3 class=\"wp-block-heading\">Assistante<\/h3>\n\n\n\n<p><strong>Sophie HADRZYNSKI dit \u00ab\u00a0KIDA\u00a0\u00bb : <\/strong><\/p>\n\n\n\n<p>Artiste peintre, photographe&#8230; Quand elle n\u2019est pas derri\u00e8re les pinceaux ou occup\u00e9e \u00e0 capturer des beaux clich\u00e9s, elle veille au bon d\u00e9roulement des expositions&#8230;Un probl\u00e8me, elle accourt mais toujours avec le sourire !<\/p>\n<\/div>\n<\/div>\n\n\n\n<div class=\"wp-block-columns has-ti-fg-color has-ti-bg-background-color has-text-color has-background has-link-color wp-elements-7ba7962a5b4a8fe05e39e5e20a3ed6e6 is-layout-flex wp-container-core-columns-is-layout-83d8d5f7 wp-block-columns-is-layout-flex\" style=\"padding-top:0;padding-right:0;padding-bottom:0;padding-left:0\">\n<div class=\"wp-block-column is-layout-flow wp-block-column-is-layout-flow\" style=\"flex-basis:40%\">\n<figure class=\"wp-block-image size-full has-custom-border\"><img loading=\"lazy\" decoding=\"async\" width=\"2560\" height=\"1707\" src=\"http:\/\/paletteduvaldemarne.fr\/wp-content\/uploads\/2026\/01\/IMG_2189-scaled.jpg\" alt=\"\" class=\"wp-image-4019\" style=\"border-left-color:var(--wp--preset--color--ti-accent-secondary);border-left-width:16px;aspect-ratio:1;object-fit:cover\" srcset=\"http:\/\/paletteduvaldemarne.fr\/wp-content\/uploads\/2026\/01\/IMG_2189-scaled.jpg 2560w, http:\/\/paletteduvaldemarne.fr\/wp-content\/uploads\/2026\/01\/IMG_2189-300x200.jpg 300w, http:\/\/paletteduvaldemarne.fr\/wp-content\/uploads\/2026\/01\/IMG_2189-1024x683.jpg 1024w, http:\/\/paletteduvaldemarne.fr\/wp-content\/uploads\/2026\/01\/IMG_2189-768x512.jpg 768w, http:\/\/paletteduvaldemarne.fr\/wp-content\/uploads\/2026\/01\/IMG_2189-1536x1024.jpg 1536w, http:\/\/paletteduvaldemarne.fr\/wp-content\/uploads\/2026\/01\/IMG_2189-2048x1365.jpg 2048w\" sizes=\"(max-width: 2560px) 100vw, 2560px\" \/><\/figure>\n<\/div>\n\n\n\n<div class=\"wp-block-column is-vertically-aligned-center is-layout-flow wp-container-core-column-is-layout-e17ba290 wp-block-column-is-layout-flow\" style=\"padding-top:var(--wp--preset--spacing--60);padding-right:var(--wp--preset--spacing--40);padding-bottom:var(--wp--preset--spacing--60);padding-left:var(--wp--preset--spacing--40)\">\n<h3 class=\"wp-block-heading\">Le Conseil d&rsquo;Administration<\/h3>\n\n\n\n<p><strong>Christophe MICHOU : <\/strong> <\/p>\n\n\n\n<p>Artiste, peintre, discret mais indispensable, il est de ceux sur qui l\u2019on peut toujours compter ! Faisant de lui un pilier pr\u00e9cieux pour notre association<\/p>\n<\/div>\n<\/div>\n\n\n\n<div class=\"wp-block-columns has-ti-fg-color has-ti-bg-background-color has-text-color has-background has-link-color wp-elements-ef00f622a36e1df2ace249ef55fbc1cb is-layout-flex wp-container-core-columns-is-layout-83d8d5f7 wp-block-columns-is-layout-flex\" style=\"padding-top:0;padding-right:0;padding-bottom:0;padding-left:0\">\n<div class=\"wp-block-column is-layout-flow wp-block-column-is-layout-flow\" style=\"flex-basis:40%\">\n<figure class=\"wp-block-image size-full has-custom-border\"><img loading=\"lazy\" decoding=\"async\" width=\"2560\" height=\"1707\" src=\"http:\/\/paletteduvaldemarne.fr\/wp-content\/uploads\/2026\/01\/IMG_2237-edited-scaled.jpg\" alt=\"\" class=\"wp-image-4021\" style=\"border-left-color:var(--wp--preset--color--ti-accent-secondary);border-left-width:16px;aspect-ratio:1;object-fit:cover\" srcset=\"http:\/\/paletteduvaldemarne.fr\/wp-content\/uploads\/2026\/01\/IMG_2237-edited-scaled.jpg 2560w, http:\/\/paletteduvaldemarne.fr\/wp-content\/uploads\/2026\/01\/IMG_2237-edited-300x200.jpg 300w, http:\/\/paletteduvaldemarne.fr\/wp-content\/uploads\/2026\/01\/IMG_2237-edited-1024x683.jpg 1024w, http:\/\/paletteduvaldemarne.fr\/wp-content\/uploads\/2026\/01\/IMG_2237-edited-768x512.jpg 768w, http:\/\/paletteduvaldemarne.fr\/wp-content\/uploads\/2026\/01\/IMG_2237-edited-1536x1024.jpg 1536w, http:\/\/paletteduvaldemarne.fr\/wp-content\/uploads\/2026\/01\/IMG_2237-edited-2048x1365.jpg 2048w\" sizes=\"(max-width: 2560px) 100vw, 2560px\" \/><\/figure>\n<\/div>\n\n\n\n<div class=\"wp-block-column is-vertically-aligned-center is-layout-flow wp-container-core-column-is-layout-e17ba290 wp-block-column-is-layout-flow\" style=\"padding-top:var(--wp--preset--spacing--60);padding-right:var(--wp--preset--spacing--40);padding-bottom:var(--wp--preset--spacing--60);padding-left:var(--wp--preset--spacing--40)\">\n<h3 class=\"wp-block-heading\">Le Conseil d&rsquo;Administration<\/h3>\n\n\n\n<p><strong>BUTHIAUX Marie dit \u201cL\u2019Atelier de Marie\u201d : <\/strong><\/p>\n\n\n\n<p>Artiste passionn\u00e9e et regard aff\u00fbt\u00e9, elle insuffle au conseil d\u2019administration cr\u00e9ativit\u00e9 et sensibilit\u00e9. <\/p>\n\n\n\n<p>Duo de choc avec Christophe, toujours disponible pour filer un coup de patte artistique quand il le faut !<\/p>\n<\/div>\n<\/div>\n<\/div>\n\n\n\n<div class=\"wp-block-group alignfull has-ti-fg-alt-color has-ti-bg-inv-background-color has-text-color has-background has-link-color wp-elements-c34fc1c214890a960d549c171b5d5a2c is-layout-constrained wp-container-core-group-is-layout-2037270e wp-block-group-is-layout-constrained\" style=\"margin-top:0;margin-bottom:0;padding-top:var(--wp--preset--spacing--80);padding-right:var(--wp--preset--spacing--40);padding-bottom:var(--wp--preset--spacing--80);padding-left:var(--wp--preset--spacing--40)\">\n<div class=\"wp-block-group is-layout-constrained wp-block-group-is-layout-constrained\">\n<h2 class=\"wp-block-heading has-text-align-left\">Les Nouvelles recrues depuis 2024 :<\/h2>\n<\/div>\n\n\n\n<div class=\"wp-block-columns has-ti-fg-color has-ti-bg-background-color has-text-color has-background has-link-color wp-elements-b1da96080e6bf3118f0bc369e33c7880 is-layout-flex wp-container-core-columns-is-layout-83d8d5f7 wp-block-columns-is-layout-flex\" style=\"padding-top:0;padding-right:0;padding-bottom:0;padding-left:0\">\n<div class=\"wp-block-column is-layout-flow wp-block-column-is-layout-flow\" style=\"flex-basis:40%\">\n<figure class=\"wp-block-image size-full has-custom-border\"><img loading=\"lazy\" decoding=\"async\" width=\"358\" height=\"732\" src=\"http:\/\/paletteduvaldemarne.fr\/wp-content\/uploads\/2026\/01\/toi-1.png\" alt=\"\" class=\"wp-image-3975\" style=\"border-left-color:var(--wp--preset--color--ti-fg);border-left-width:16px;aspect-ratio:1;object-fit:cover\" srcset=\"http:\/\/paletteduvaldemarne.fr\/wp-content\/uploads\/2026\/01\/toi-1.png 358w, http:\/\/paletteduvaldemarne.fr\/wp-content\/uploads\/2026\/01\/toi-1-147x300.png 147w\" sizes=\"(max-width: 358px) 100vw, 358px\" \/><\/figure>\n<\/div>\n\n\n\n<div class=\"wp-block-column is-vertically-aligned-center is-layout-flow wp-container-core-column-is-layout-e17ba290 wp-block-column-is-layout-flow\" style=\"padding-top:var(--wp--preset--spacing--60);padding-right:var(--wp--preset--spacing--40);padding-bottom:var(--wp--preset--spacing--60);padding-left:var(--wp--preset--spacing--40)\">\n<h3 class=\"wp-block-heading\">Communication\/\u00c9v\u00e9nementiel<\/h3>\n\n\n\n<p><strong>Agn\u00e8s BOUTELIER : <\/strong><\/p>\n\n\n\n<p>Souriez-lui et pr\u00e9parez-vous \u00e0 l\u2019\u00e9couter sans pause ! Elle est toujours sur le qui-vive pour d\u00e9nicher les perles rares (nos artistes) et veille constamment \u00e0 ce que la Palette soit au top. <\/p>\n\n\n\n<p><em>Ah oui, d\u00e9tail important :  elle n\u2019est jamais loin de sa bin\u00f4me.<\/em><\/p>\n<\/div>\n<\/div>\n\n\n\n<div class=\"wp-block-columns has-ti-fg-color has-ti-bg-background-color has-text-color has-background has-link-color wp-elements-ad7bd007f6c7e48bec7727785ba9eb91 is-layout-flex wp-container-core-columns-is-layout-83d8d5f7 wp-block-columns-is-layout-flex\" style=\"padding-top:0;padding-right:0;padding-bottom:0;padding-left:0\">\n<div class=\"wp-block-column is-layout-flow wp-block-column-is-layout-flow\" style=\"flex-basis:40%\">\n<figure class=\"wp-block-image size-full has-custom-border\"><img loading=\"lazy\" decoding=\"async\" width=\"356\" height=\"754\" src=\"http:\/\/paletteduvaldemarne.fr\/wp-content\/uploads\/2026\/01\/moi-1.png\" alt=\"\" class=\"wp-image-3977\" style=\"border-left-color:var(--wp--preset--color--ti-fg);border-left-width:16px;aspect-ratio:1;object-fit:cover\" srcset=\"http:\/\/paletteduvaldemarne.fr\/wp-content\/uploads\/2026\/01\/moi-1.png 356w, http:\/\/paletteduvaldemarne.fr\/wp-content\/uploads\/2026\/01\/moi-1-142x300.png 142w\" sizes=\"(max-width: 356px) 100vw, 356px\" \/><\/figure>\n<\/div>\n\n\n\n<div class=\"wp-block-column is-vertically-aligned-center is-layout-flow wp-container-core-column-is-layout-e17ba290 wp-block-column-is-layout-flow\" style=\"padding-top:var(--wp--preset--spacing--60);padding-right:var(--wp--preset--spacing--40);padding-bottom:var(--wp--preset--spacing--60);padding-left:var(--wp--preset--spacing--40)\">\n<h3 class=\"wp-block-heading\">Communication\/\u00c9v\u00e9nementiel<\/h3>\n\n\n\n<p><strong>Andrea LOPES : <\/strong><\/p>\n\n\n\n<p>La bin\u00f4me en question ! <\/p>\n\n\n\n<p>Toujours pr\u00eate \u00e0 g\u00e9rer les impr\u00e9vus de derni\u00e8re minute, \u00e0 n\u2019importe quelle heure, elle sait manier la cam\u00e9ra comme les d\u00e9cors des expositions\u2026 et toujours avec le sourire !<\/p>\n<\/div>\n<\/div>\n<\/div>\n\n\n\n<h2 class=\"wp-block-heading has-text-align-center\">&#x2728; Notre \u00c9quipe (presque) au complet &#x2728;<\/h2>\n\n\n\n<figure class=\"wp-block-image size-large\"><a href=\"http:\/\/paletteduvaldemarne.fr\/wp-content\/uploads\/2026\/01\/IMG_2067-scaled.jpg\"><img loading=\"lazy\" decoding=\"async\" width=\"1024\" height=\"882\" src=\"http:\/\/paletteduvaldemarne.fr\/wp-content\/uploads\/2026\/01\/IMG_2067-1024x882.jpg\" alt=\"\" class=\"wp-image-3986\" srcset=\"http:\/\/paletteduvaldemarne.fr\/wp-content\/uploads\/2026\/01\/IMG_2067-1024x882.jpg 1024w, http:\/\/paletteduvaldemarne.fr\/wp-content\/uploads\/2026\/01\/IMG_2067-300x258.jpg 300w, http:\/\/paletteduvaldemarne.fr\/wp-content\/uploads\/2026\/01\/IMG_2067-768x661.jpg 768w, http:\/\/paletteduvaldemarne.fr\/wp-content\/uploads\/2026\/01\/IMG_2067-1536x1323.jpg 1536w, http:\/\/paletteduvaldemarne.fr\/wp-content\/uploads\/2026\/01\/IMG_2067-2048x1763.jpg 2048w\" sizes=\"(max-width: 1024px) 100vw, 1024px\" \/><\/a><\/figure>\n","protected":false},"excerpt":{"rendered":"<p>L&rsquo;\u00e9quipe de La Palette du Val-de-Marne : Pr\u00e9sidente Pauline BOUTELIER : \u00c9coutez ses discours et vous d\u00e9couvrirez sa fantaisie&#8230; Elle m\u00e8ne la Palette d\u2019une main de fer depuis des ann\u00e9es. Artiste, peintre l\u2019association lui doit une grande part de son succ\u00e8s Tr\u00e9sorier Etienne PAJOT : Gardien de l\u2019\u00e9quilibre et de la rigueur, il veille au [&hellip;]<\/p>\n","protected":false},"author":1,"featured_media":0,"parent":0,"menu_order":0,"comment_status":"closed","ping_status":"closed","template":"","meta":{"footnotes":""},"class_list":["post-154","page","type-page","status-publish","hentry"],"_links":{"self":[{"href":"http:\/\/paletteduvaldemarne.fr\/index.php\/wp-json\/wp\/v2\/pages\/154","targetHints":{"allow":["GET"]}}],"collection":[{"href":"http:\/\/paletteduvaldemarne.fr\/index.php\/wp-json\/wp\/v2\/pages"}],"about":[{"href":"http:\/\/paletteduvaldemarne.fr\/index.php\/wp-json\/wp\/v2\/types\/page"}],"author":[{"embeddable":true,"href":"http:\/\/paletteduvaldemarne.fr\/index.php\/wp-json\/wp\/v2\/users\/1"}],"replies":[{"embeddable":true,"href":"http:\/\/paletteduvaldemarne.fr\/index.php\/wp-json\/wp\/v2\/comments?post=154"}],"version-history":[{"count":39,"href":"http:\/\/paletteduvaldemarne.fr\/index.php\/wp-json\/wp\/v2\/pages\/154\/revisions"}],"predecessor-version":[{"id":4091,"href":"http:\/\/paletteduvaldemarne.fr\/index.php\/wp-json\/wp\/v2\/pages\/154\/revisions\/4091"}],"wp:attachment":[{"href":"http:\/\/paletteduvaldemarne.fr\/index.php\/wp-json\/wp\/v2\/media?parent=154"}],"curies":[{"name":"wp","href":"https:\/\/api.w.org\/{rel}","templated":true}]}}