{"id":352,"date":"2016-01-08T09:58:48","date_gmt":"2016-01-08T08:58:48","guid":{"rendered":"http:\/\/paletteduvaldemarne.fr\/?page_id=352"},"modified":"2026-01-22T23:59:33","modified_gmt":"2026-01-22T22:59:33","slug":"contact","status":"publish","type":"page","link":"http:\/\/paletteduvaldemarne.fr\/index.php\/contact\/","title":{"rendered":"Contact"},"content":{"rendered":"<h3 style=\"text-align: center;\">La Palette du Val-de-Marne<\/h3>\n<h5>Envie de nous contacter ?\u00a0<\/h5>\n\n\n<p>Vous avez une question, besoin d\u2019un renseignement ou simplement envie d\u2019en savoir plus sur notre association ? <\/p>\n\n\n\n<p>Vous \u00eates artiste et souhaitez rejoindre l\u2019aventure, exposer votre travail ou collaborer avec nous ?<\/p>\n\n\n\n<p>Nous serons ravis d\u2019\u00e9changer avec vous &#x2728;<br>\u00c9crivez-nous \u00e0 l\u2019adresse suivante :<\/p>\n\n\n\n<p class=\"has-text-align-center\"><strong><a>paletteduvaldemarne@free.fr<\/a><\/strong><\/p>\n\n\n\n<p>Chaque message est lu avec attention et nous nous engageons \u00e0 vous r\u00e9pondre dans les meilleurs d\u00e9lais.<\/p>\n\n\n\n<p>\u00c0 tr\u00e8s bient\u00f4t,<br><strong>L\u2019\u00e9quipe de La Palette du Val-de-Marne<\/strong> &#x1f3a8;<\/p>\n\n\n\n<figure class=\"wp-block-image aligncenter size-large is-resized\"><a href=\"http:\/\/paletteduvaldemarne.fr\/wp-content\/uploads\/2026\/01\/Capture-decran-2026-01-22-a-13.12.49.png\"><img fetchpriority=\"high\" decoding=\"async\" width=\"902\" height=\"1038\" src=\"http:\/\/paletteduvaldemarne.fr\/wp-content\/uploads\/2026\/01\/Capture-decran-2026-01-22-a-13.12.49-edited.png\" alt=\"\" class=\"wp-image-3925\" style=\"aspect-ratio:0.8691415481947424;width:491px;height:auto\" srcset=\"http:\/\/paletteduvaldemarne.fr\/wp-content\/uploads\/2026\/01\/Capture-decran-2026-01-22-a-13.12.49-edited.png 902w, http:\/\/paletteduvaldemarne.fr\/wp-content\/uploads\/2026\/01\/Capture-decran-2026-01-22-a-13.12.49-edited-261x300.png 261w, http:\/\/paletteduvaldemarne.fr\/wp-content\/uploads\/2026\/01\/Capture-decran-2026-01-22-a-13.12.49-edited-890x1024.png 890w, http:\/\/paletteduvaldemarne.fr\/wp-content\/uploads\/2026\/01\/Capture-decran-2026-01-22-a-13.12.49-edited-768x884.png 768w\" sizes=\"(max-width: 902px) 100vw, 902px\" \/><\/a><\/figure>\n","protected":false},"excerpt":{"rendered":"<p>La Palette du Val-de-Marne Envie de nous contacter ?\u00a0 Vous avez une question, besoin d\u2019un renseignement ou simplement envie d\u2019en savoir plus sur notre association ? Vous \u00eates artiste et souhaitez rejoindre l\u2019aventure, exposer votre travail ou collaborer avec nous ? Nous serons ravis d\u2019\u00e9changer avec vous &#x2728;\u00c9crivez-nous \u00e0 l\u2019adresse suivante : paletteduvaldemarne@free.fr Chaque message [&hellip;]<\/p>\n","protected":false},"author":1,"featured_media":0,"parent":0,"menu_order":0,"comment_status":"closed","ping_status":"closed","template":"","meta":{"footnotes":""},"class_list":["post-352","page","type-page","status-publish","hentry"],"_links":{"self":[{"href":"http:\/\/paletteduvaldemarne.fr\/index.php\/wp-json\/wp\/v2\/pages\/352","targetHints":{"allow":["GET"]}}],"collection":[{"href":"http:\/\/paletteduvaldemarne.fr\/index.php\/wp-json\/wp\/v2\/pages"}],"about":[{"href":"http:\/\/paletteduvaldemarne.fr\/index.php\/wp-json\/wp\/v2\/types\/page"}],"author":[{"embeddable":true,"href":"http:\/\/paletteduvaldemarne.fr\/index.php\/wp-json\/wp\/v2\/users\/1"}],"replies":[{"embeddable":true,"href":"http:\/\/paletteduvaldemarne.fr\/index.php\/wp-json\/wp\/v2\/comments?post=352"}],"version-history":[{"count":9,"href":"http:\/\/paletteduvaldemarne.fr\/index.php\/wp-json\/wp\/v2\/pages\/352\/revisions"}],"predecessor-version":[{"id":3926,"href":"http:\/\/paletteduvaldemarne.fr\/index.php\/wp-json\/wp\/v2\/pages\/352\/revisions\/3926"}],"wp:attachment":[{"href":"http:\/\/paletteduvaldemarne.fr\/index.php\/wp-json\/wp\/v2\/media?parent=352"}],"curies":[{"name":"wp","href":"https:\/\/api.w.org\/{rel}","templated":true}]}}

<h3 style="text-align: center;">La Palette du Val-de-Marne</h3>
<h5>Envie de nous contacter ? </h5>


<p>Vous avez une question, besoin d’un renseignement ou simplement envie d’en savoir plus sur notre association ? </p>



<p>Vous êtes artiste et souhaitez rejoindre l’aventure, exposer votre travail ou collaborer avec nous ?</p>



<p>Nous serons ravis d’échanger avec vous &#x2728;<br>Écrivez-nous à l’adresse suivante :</p>



<p class="has-text-align-center"><strong><a>paletteduvaldemarne@free.fr</a></strong></p>



<p>Chaque message est lu avec attention et nous nous engageons à vous répondre dans les meilleurs délais.</p>



<p>À très bientôt,<br><strong>L’équipe de La Palette du Val-de-Marne</strong> &#x1f3a8;</p>



<figure class="wp-block-image aligncenter size-large is-resized"><a href="http://paletteduvaldemarne.fr/wp-content/uploads/2026/01/Capture-decran-2026-01-22-a-13.12.49.png"><img fetchpriority="high" decoding="async" width="902" height="1038" src="http://paletteduvaldemarne.fr/wp-content/uploads/2026/01/Capture-decran-2026-01-22-a-13.12.49-edited.png" alt="" class="wp-image-3925" style="aspect-ratio:0.8691415481947424;width:491px;height:auto" srcset="http://paletteduvaldemarne.fr/wp-content/uploads/2026/01/Capture-decran-2026-01-22-a-13.12.49-edited.png 902w, http://paletteduvaldemarne.fr/wp-content/uploads/2026/01/Capture-decran-2026-01-22-a-13.12.49-edited-261x300.png 261w, http://paletteduvaldemarne.fr/wp-content/uploads/2026/01/Capture-decran-2026-01-22-a-13.12.49-edited-890x1024.png 890w, http://paletteduvaldemarne.fr/wp-content/uploads/2026/01/Capture-decran-2026-01-22-a-13.12.49-edited-768x884.png 768w" sizes="(max-width: 902px) 100vw, 902px" /></a></figure>

<p>La Palette du Val-de-Marne Envie de nous contacter ?  Vous avez une question, besoin d’un renseignement ou simplement envie d’en savoir plus sur notre association ? Vous êtes artiste et souhaitez rejoindre l’aventure, exposer votre travail ou collaborer avec nous ? Nous serons ravis d’échanger avec vous &#x2728;Écrivez-nous à l’adresse suivante : paletteduvaldemarne@free.fr Chaque message [&hellip;]</p>
