{"id":645,"date":"2016-09-04T13:47:33","date_gmt":"2016-09-04T12:47:33","guid":{"rendered":"http:\/\/paletteduvaldemarne.fr\/?page_id=645"},"modified":"2017-01-05T18:34:10","modified_gmt":"2017-01-05T17:34:10","slug":"prochaine-expo-nov-2016-galerie-de-marmont-a-st-maur-94","status":"publish","type":"page","link":"http:\/\/paletteduvaldemarne.fr\/index.php\/prochaine-expo-nov-2016-galerie-de-marmont-a-st-maur-94\/","title":{"rendered":"Nov 2016 &#8211; Galerie de Marmont \u00e0 St-Maur (94)"},"content":{"rendered":"<p>&nbsp;<\/p>\n<p><a href=\"http:\/\/paletteduvaldemarne.fr\/wp-content\/uploads\/2016\/09\/AfficheA4-Nov16-V1.jpg\" rel=\"attachment wp-att-937\"><img fetchpriority=\"high\" decoding=\"async\" class=\"alignnone wp-image-937 size-full\" src=\"http:\/\/paletteduvaldemarne.fr\/wp-content\/uploads\/2016\/09\/AfficheA4-Nov16-V1.jpg\" alt=\"affichea4-nov16-v1\" width=\"595\" height=\"842\" srcset=\"http:\/\/paletteduvaldemarne.fr\/wp-content\/uploads\/2016\/09\/AfficheA4-Nov16-V1.jpg 595w, http:\/\/paletteduvaldemarne.fr\/wp-content\/uploads\/2016\/09\/AfficheA4-Nov16-V1-212x300.jpg 212w\" sizes=\"(max-width: 595px) 100vw, 595px\" \/><\/a><\/p>\n<p><a href=\"https:\/\/www.facebook.com\/galeriedemarmont\/\">https:\/\/www.facebook.com\/galeriedemarmont\/<\/a><\/p>\n<p><strong><a href=\"http:\/\/paletteduvaldemarne.fr\/wp-content\/uploads\/2016\/09\/Cart-invit-Nov16-V1.jpg\" rel=\"attachment wp-att-939\"><img decoding=\"async\" class=\"wp-image-939 size-full alignleft\" src=\"http:\/\/paletteduvaldemarne.fr\/wp-content\/uploads\/2016\/09\/Cart-invit-Nov16-V1.jpg\" alt=\"cart-invit-nov16-v1\" width=\"567\" height=\"283\" srcset=\"http:\/\/paletteduvaldemarne.fr\/wp-content\/uploads\/2016\/09\/Cart-invit-Nov16-V1.jpg 567w, http:\/\/paletteduvaldemarne.fr\/wp-content\/uploads\/2016\/09\/Cart-invit-Nov16-V1-300x150.jpg 300w\" sizes=\"(max-width: 567px) 100vw, 567px\" \/><\/a><\/strong><\/p>\n<p>&nbsp;<\/p>\n<p>&nbsp;<\/p>\n<p>&nbsp;<\/p>\n<p>&nbsp;<\/p>\n<p>&nbsp;<\/p>\n<p>&nbsp;<\/p>\n<p>&nbsp;<\/p>\n<p>&nbsp;<\/p>\n<hr \/>\n<p>Pour les exposants, le d\u00e9p\u00f4t des \u0153uvres est pr\u00e9vu le<strong><span style=\"text-decoration: underline;\"> <span style=\"color: #ff0000; text-decoration: underline;\">dimanche 20 novembre de 19h \u00e0 20h30<\/span><\/span><\/strong><\/p>\n<p>Le retrait se fera\u00a0le dimanche 4 d\u00e9cembre de 16h30 \u00e0 18h<\/p>\n<hr \/>\n<p>&nbsp;<\/p>\n","protected":false},"excerpt":{"rendered":"<p>&nbsp; https:\/\/www.facebook.com\/galeriedemarmont\/ &nbsp; &nbsp; &nbsp; &nbsp; &nbsp; &nbsp; &nbsp; &nbsp; Pour les exposants, le d\u00e9p\u00f4t des \u0153uvres est pr\u00e9vu le dimanche 20 novembre de 19h \u00e0 20h30 Le retrait se fera\u00a0le dimanche 4 d\u00e9cembre de 16h30 \u00e0 18h &nbsp;<\/p>\n","protected":false},"author":1,"featured_media":0,"parent":0,"menu_order":0,"comment_status":"closed","ping_status":"closed","template":"","meta":{"footnotes":""},"class_list":["post-645","page","type-page","status-publish","hentry"],"_links":{"self":[{"href":"http:\/\/paletteduvaldemarne.fr\/index.php\/wp-json\/wp\/v2\/pages\/645","targetHints":{"allow":["GET"]}}],"collection":[{"href":"http:\/\/paletteduvaldemarne.fr\/index.php\/wp-json\/wp\/v2\/pages"}],"about":[{"href":"http:\/\/paletteduvaldemarne.fr\/index.php\/wp-json\/wp\/v2\/types\/page"}],"author":[{"embeddable":true,"href":"http:\/\/paletteduvaldemarne.fr\/index.php\/wp-json\/wp\/v2\/users\/1"}],"replies":[{"embeddable":true,"href":"http:\/\/paletteduvaldemarne.fr\/index.php\/wp-json\/wp\/v2\/comments?post=645"}],"version-history":[{"count":17,"href":"http:\/\/paletteduvaldemarne.fr\/index.php\/wp-json\/wp\/v2\/pages\/645\/revisions"}],"predecessor-version":[{"id":959,"href":"http:\/\/paletteduvaldemarne.fr\/index.php\/wp-json\/wp\/v2\/pages\/645\/revisions\/959"}],"wp:attachment":[{"href":"http:\/\/paletteduvaldemarne.fr\/index.php\/wp-json\/wp\/v2\/media?parent=645"}],"curies":[{"name":"wp","href":"https:\/\/api.w.org\/{rel}","templated":true}]}}

Nov 2016 &#8211; Galerie de Marmont à St-Maur (94)

<p>&nbsp;</p>
<p><a href="http://paletteduvaldemarne.fr/wp-content/uploads/2016/09/AfficheA4-Nov16-V1.jpg" rel="attachment wp-att-937"><img fetchpriority="high" decoding="async" class="alignnone wp-image-937 size-full" src="http://paletteduvaldemarne.fr/wp-content/uploads/2016/09/AfficheA4-Nov16-V1.jpg" alt="affichea4-nov16-v1" width="595" height="842" srcset="http://paletteduvaldemarne.fr/wp-content/uploads/2016/09/AfficheA4-Nov16-V1.jpg 595w, http://paletteduvaldemarne.fr/wp-content/uploads/2016/09/AfficheA4-Nov16-V1-212x300.jpg 212w" sizes="(max-width: 595px) 100vw, 595px" /></a></p>
<p><a href="https://www.facebook.com/galeriedemarmont/">https://www.facebook.com/galeriedemarmont/</a></p>
<p><strong><a href="http://paletteduvaldemarne.fr/wp-content/uploads/2016/09/Cart-invit-Nov16-V1.jpg" rel="attachment wp-att-939"><img decoding="async" class="wp-image-939 size-full alignleft" src="http://paletteduvaldemarne.fr/wp-content/uploads/2016/09/Cart-invit-Nov16-V1.jpg" alt="cart-invit-nov16-v1" width="567" height="283" srcset="http://paletteduvaldemarne.fr/wp-content/uploads/2016/09/Cart-invit-Nov16-V1.jpg 567w, http://paletteduvaldemarne.fr/wp-content/uploads/2016/09/Cart-invit-Nov16-V1-300x150.jpg 300w" sizes="(max-width: 567px) 100vw, 567px" /></a></strong></p>
<p>&nbsp;</p>
<p>&nbsp;</p>
<p>&nbsp;</p>
<p>&nbsp;</p>
<p>&nbsp;</p>
<p>&nbsp;</p>
<p>&nbsp;</p>
<p>&nbsp;</p>
<hr />
<p>Pour les exposants, le dépôt des œuvres est prévu le<strong><span style="text-decoration: underline;"> <span style="color: #ff0000; text-decoration: underline;">dimanche 20 novembre de 19h à 20h30</span></span></strong></p>
<p>Le retrait se fera le dimanche 4 décembre de 16h30 à 18h</p>
<hr />
<p>&nbsp;</p>

<p>&nbsp; https://www.facebook.com/galeriedemarmont/ &nbsp; &nbsp; &nbsp; &nbsp; &nbsp; &nbsp; &nbsp; &nbsp; Pour les exposants, le dépôt des œuvres est prévu le dimanche 20 novembre de 19h à 20h30 Le retrait se fera le dimanche 4 décembre de 16h30 à 18h &nbsp;</p>
